k + 12003. Determine t(6).
3
Let t(c) = 1897*c - 1138150. What is t(600)?
50
Let g(m) = m**3 + 62*m**2 + 672*m + 9992. Determine g(-53).
-343
Let g(k) = 20*k**2 + 380*k + 27. Calculate g(0).
27
Let f(z) = 59*z - 3860. Give f(58).
-438
Let g(f) = 6825*f**2 - 109200*f - 30. Give g(16).
-30
Let l(u) = -2*u**3 - 19*u**2 + 146*u + 1725. Calculate l(-8).
365
Let t(m) = 6*m**3 + 1452*m**2 - 29*m - 7022. Give t(-242).
-4
Let d(u) = u**2 - 134*u + 379. Give d(3).
-14
Let c(y) = -2893*y - 63696. Determine c(-22).
-50
Let v(h) = -13*h**2 - 560*h - 19. Give v(-42).
569
Let y(c) = c**3 + 9*c**2 - 2433*c - 189. Calculate y(-54).
-27
Let f(w) = 8704*w + 1705997. Calculate f(-196).
13
Let i(r) = 12405*r - 409363. What is i(33)?
2
Let s(h) = 955*h - 52108. Determine s(53).
-1493
Let c(b) = 22702*b - 45413. Calculate c(2).
-9
Let j(i) = -i**2 + 669*i + 13732. What is j(-20)?
-48
Let u(p) = p**2 + 580*p - 24582. Calculate u(39).
-441
Let g(a) = -5*a**3 + 114*a**2 - 1868*a + 43479. Give g(23).
-14
Let k(g) = 2*g**2 + 873*g - 8669. Determine k(10).
261
Let y(c) = 5*c**3 + 33*c**2 + 4286*c + 21244. Determine y(-5).
14
Let o(i) = -400*i + 2946. Calculate o(7).
146
Let r(x) = -x**2 - 486*x - 26805. Determine r(-64).
203
Let q(m) = 16474*m - 181211. Give q(11).
3
Let y(j) = -j**2 + 12914*j - 5908574. What is y(475)?
-49
Let f(r) = 15*r**2 - 745*r + 1251. What is f(48)?
51
Let v(m) = 331*m**2 - 973*m - 73. Calculate v(3).
-13
Let n(h) = -48085*h - 4952694. Give n(-103).
61
Let o(k) = -392*k + 18569. Determine o(46).
537
Let c(i) = 1049*i - 813988. What is c(776)?
36
Let t(d) = 2*d**2 + 351*d - 2887. Give t(-183).
-142
Let d(t) = 7*t**3 - t**2 + 6*t - 609. What is d(0)?
-609
Let t(y) = -y**3 + 8*y**2 - 13*y - 78. Give t(-5).
312
Let o(r) = -r**3 - 593*r**2 + 54535*r + 4779. Give o(81).
0
Let h(p) = -3*p**3 - 1692*p**2 - 8381*p + 2270. What is h(-559)?
34
Let h(x) = -x**2 + 26*x + 1314. Determine h(-29).
-281
Let f(y) = 109278*y + 1748389. Calculate f(-16).
-59
Let h(k) = 117*k**3 + 1751*k**2 - 59*k + 13. Give h(-15).
-2
Let p(t) = -36*t**2 - 433*t + 432. Give p(-13).
-23
Let n(o) = 8464*o - 1887461. Calculate n(223).
11
Let u(o) = -o**3 - 53*o**2 - 733*o - 35470. Determine u(-52).
-58
Let f(y) = y**2 - 185*y + 2151. Determine f(11).
237
Let w(r) = -374*r - 10283. Determine w(-26).
-559
Let f(g) = -82*g**2 + 18072*g - 7047. Calculate f(220).
-7
Let w(c) = -8938*c + 107231. Calculate w(12).
-25
Let q(z) = 32*z + 449. Calculate q(-19).
-159
Let z(p) = -40*p**2 - 541*p + 306. Give z(-14).
40
Let j(t) = 5*t**2 + 2141*t + 2676. Determine j(-427).
114
Let a(p) = -p**2 + 92*p + 38678. Calculate a(248).
-10
Let l(y) = 4*y**2 - 67*y - 299. What is l(0)?
-299
Let w(b) = 190*b + 141110. Calculate w(-743).
-60
Let w(f) = -2732*f + 207594. Determine w(76).
-38
Let z(c) = 618*c - 25460. Determine z(41).
-122
Let c(q) = -q**2 - 73*q + 3789. What is c(-108)?
9
Let o(d) = -d**3 + 14*d**2 + 2878*d + 522. Calculate o(-47).
5
Let l(w) = -25*w**2 - 5048*w + 20193. Give l(4).
-399
Let h(b) = 1841*b + 11295. Determine h(-6).
249
Let h(p) = -8*p**2 - 26*p + 81. Give h(-9).
-333
Let u(t) = 214941*t + 17625185. What is u(-82)?
23
Let n(w) = 2826*w**2 - 5778*w - 6. Determine n(2).
-258
Let k(m) = -12050*m + 96. Give k(0).
96
Let u(v) = -1135*v - 406544. What is u(-358)?
-214
Let h(k) = -8*k**2 - 62*k + 791. Determine h(-14).
91
Let s(j) = 1371*j**2 + 13713*j + 37. Determine s(-10).
7
Let k(i) = -1460*i**2 - 41*i + 12. Calculate k(-1).
-1407
Let n(c) = -11971*c - 251370. Determine n(-21).
21
Let k(j) = -j**3 - 3*j**2 + 137*j + 154. Calculate k(11).
-33
Let v(g) = -7*g**2 - 1490*g + 9407. Give v(-219).
-10
Let y(m) = -5*m**3 + m**2 - 31*m - 124. Give y(-3).
113
Let i(a) = -3142*a - 5920. Give i(-2).
364
Let t(q) = 16*q**3 - 14961*q**2 + 897*q + 35536. Give t(935).
6
Let p(l) = 3*l**3 + 2185*l**2 - 15415*l - 42. What is p(7)?
147
Let t(f) = 3080*f + 30778. Determine t(-10).
-22
Let y(s) = -11856*s + 47409. Calculate y(4).
-15
Let z(b) = -478882*b + 957784. What is z(2)?
20
Let p(l) = -2968*l**2 - 86068*l + 182. What is p(-29)?
66
Let x(g) = -2*g**3 - 197*g**2 + 822*g + 90018. Calculate x(-98).
-142
Let q(x) = -17378*x + 278035. Calculate q(16).
-13
Let t(n) = -5*n**3 - 338*n**2 + 1208*n + 90. What is t(-71)?
19
Let l(w) = -1406*w + 8260. Determine l(6).
-176
Let o(c) = -1297*c + 3758. Calculate o(3).
-133
Let p(k) = k**3 - 4*k**2 + 139*k - 411. What is p(3)?
-3
Let a(l) = -369*l**2 + 2604*l - 50. Calculate a(7).
97
Let p(x) = -49776*x - 3334998. What is p(-67)?
-6
Let y(s) = 1618*s - 284. What is y(1)?
1334
Let n(i) = 71*i**2 + 223*i - 734. Give n(4).
1294
Let k(r) = -6567*r - 72119. Determine k(-11).
118
Let m(s) = -17*s**2 - 1076*s - 529. Calculate m(-63).
-214
Let r(m) = -1689*m + 158785. Determine r(94).
19
Let i(g) = -21*g**2 + 3785*g + 7004. Give i(182).
270
Let w(i) = i**2 - 488*i + 30688. Calculate w(73).
393
Let k(b) = 31*b**2 + 125*b - 626. Calculate k(5).
774
Let g(c) = -c**3 + 9*c**2 + 21537*c - 43103. Calculate g(2).
-1
Let y(i) = 704441*i + 2113302. Determine y(-3).
-21
Let s(p) = -1708*p + 30994. What is s(18)?
250
Let t(x) = 9310*x - 83981. Give t(9).
-191
Let z(p) = p**2 - 58*p - 41809. Determine z(236).
199
Let t(u) = 4*u**3 - 115*u**2 + 261*u + 720. What is t(26)?
70
Let h(r) = 257*r + 2901. What is h(-9)?
588
Let w(v) = 4*v**2 - 244*v + 121. Give w(60).
-119
Let v(i) = 12*i**2 + 60407*i - 120836. Determine v(2).
26
Let x(a) = -a**3 + 23*a**2 - 52*a + 248. Determine x(23).
-948
Let n(j) = 12*j**2 - 411*j + 2016. Calculate n(6).
-18
Let d(k) = 2*k**2 - 90*k + 654. What is d(36)?
6
Let p(y) = 2176*y**2 - 58757*y + 141. What is p(27)?
6
Let g(s) = 59990*s + 239978. What is g(-4)?
18
Let t(r) = -2*r**3 + 189*r**2 - 258*r + 15243. What is t(94)?
-173
Let x(f) = f**3 + 18*f**2 + 6793*f + 122207. Determine x(-18).
-67
Let o(y) = y**3 + 3700*y + 100. Give o(0).
100
Let b(x) = -x**3 + 499*x**2 - 9579*x - 32. Give b(20).
-12
Let s(v) = -v**3 + 166*v**2 - 1228*v - 521. Calculate s(8).
-233
Let g(u) = 182*u**2 - 39*u - 102. Give g(-3).
1653
Let v(l) = -2991*l - 343971. Determine v(-115).
-6
Let a(y) = y**3 + 119*y**2 - 617*y + 184. What is a(-124)?
-188
Let v(t) = -22789*t + 22498. Calculate v(1).
-291
Let p(b) = -2*b**2 - 416*b - 14933. Determine p(-46).
-29
Let a(u) = u**2 - 1917*u - 370656. Give a(-177).
-18
Let y(a) = -19114*a - 75854. Determine y(-4).
602
Let r(k) = 514*k - 19463. Give r(38).
69
Let r(x) = -956*x + 296420. Give r(310).
60
Let x(p) = 502612*p + 1507833. Give x(-3).
-3
Let j(i) = 2086*i - 287566. Determine j(138).
302
Let y(v) = -7694*v - 130829. Calculate y(-17).
-31
Let c(m) = -8*m**3 + 32*m**2 - 371*m + 1493. Calculate c(4).
9
Let g(r) = 450*r + 2180. What is g(-4)?
380
Let w(t) = -2*t**2 - 69*t - 458. Calculate w(-18).
136
Let o(k) = 9*k**2 + 490*k - 16058. Give o(24).
886
Let n(r) = 62*r**2 - 3704*r - 3703. Calculate n(-1).
63
Let t(k) = -118827*k - 1188262. Give t(-10).
8
Let h(v) = -3359*v - 325809. Give h(-97).
14
Let u(s) = -5980*s**2 + 633879*s + 49. Determine u(106).
-57
Let n(w) = -10*w**2 + 169*w + 112. Calculate n(10).
802
Let k(u) = 267*u - 17732. What is k(66)?
-110
Let v(u) = 194*u**3 - 385*u**2 - 81*u + 162. Calculate v(2).
12
Let u(j) = -3*j**3 - 1843*j**2 - 2404*j + 29507. Calculate u(-613).
83
Let q(h) = -h**3 - 43*h**2 - 196*h + 301. Give q(-38).
529
Let q(p) = p**3 - 201*p**2 - 1045*p + 2998. Give q(206).
-92
Let q(b) = 2366*b - 76026. What is q(32)?
-314
Let z(t) = 5596*t + 23591. What is z(-4)?
1207
Let k(h) = -4*h**3 - 953*h**2 - 242*h - 1052. What is k(-238)?
-100
Let f(v) = -76*v**2 + 3329*v + 824. Give f(44).
164
Let d(n) = -1035*n + 26982. Calculate d(26).
72
Let f(g) = -13223*g + 7801566. What is f(590)?
-4
Let c(f) = -23*f**2 + 10*f + 3806. Give c(-14).
-842
Let z(u) = -8*u**3 - 869*u**2 - 635*u - 10263. Calculate z(-108).
-3
Let v(k) = 3861*k + 38768. Determine v(-10).
158
Let w(s) = -s**2 + 59*s + 14088. Determine w(-93).
-48
Let u(w) = 12*w**3 + w**2 - 309*w - 622. What is u(-2)?
-96
Let z(v) = -105232*v - 29464965. Determine z(-280).
-5
Let q(n) = -1243*n - 6071. What is q(-5)?
144
Let u(o) = -28859*o + 230869. Calculate u(8).
-3
Let c(o) = 5*o**3 + 310*o**2 + 301*o - 239. What is c(-61)?
5
Let u(n) = 20*n**2 + 190*n + 219. What is u